en c is divided by g(30).
23
Let m(b) = b**2 + 3*b + 3. Suppose 2*l + 116 = 2*n + 2*n, 35 = n - 2*l. Calculate the remainder when n is divided by m(-4).
6
Let n = -65 + 95. Calculate the remainder when 68 is divided by n.
8
Let b(p) = 2*p**2 + 2*p - 1. Let z be b(-5). Let h = -14 + z. Suppose -4*s - 3*o = -92, 5*s - 159 + h = o. What is the remainder when s is divided by 9?
8
Let n(q) = q + 1. Let m be n(-5). Calculate the remainder when m*1*(-6)/4 is divided by 1/4 + 3 + 49/28.
1
Let a be (57/9)/((-6)/(-72)). Let k = a + -58. What is the remainder when 68 is divided by k?
14
Let i = -185 - -192. What is the remainder when 33 is divided by i?
5
Suppose 5*a = w + 296, -5*w = -2*a + 69 + 54. Let o be (-6)/(-9) + 560/6. Let t = o - a. What is the remainder when t is divided by 9?
8
Let w = 1974 - 1863. Calculate the remainder when w is divided by 24.
15
Let t = 45 - 67. Let p = -12 - t. Calculate the remainder when 27 is divided by p.
7
Let k = 79 - 75. Suppose 0 = k*x - 0*l + 3*l - 538, 5*l = 10. What is the remainder when x is divided by 17?
14
Let a = 23 + -21. Suppose 5*c = 5*j - 360, a*j + j + 5*c = 176. What is the remainder when j is divided by 34?
33
Let x(g) be the first derivative of -g**3/3 - 11*g**2/2 - 4*g + 2. What is the remainder when 69 is divided by x(-7)?
21
Suppose -4*t + 0*x = x + 69, x + 21 = -t. Let w = t + 18. Calculate the remainder when 13 is divided by 7/1*w/2.
6
Let d be 0 + 6/(-45) + (-141)/(-45). Suppose -5*b + 637 - 142 = 4*k, -3*b = -9. Suppose -d*q + k = -q. What is the remainder when q is divided by 16?
12
Let r = 5 + -12. Let o be 6/(-9) - 70/(-6). Let w = o + r. What is the remainder when 6 is divided by w?
2
Suppose 213 = 2*y + o, -71*o = -y - 67*o + 102. Calculate the remainder when 205 is divided by y.
99
Suppose 3*b - 8 = -b. Let n be (-1)/(-3)*(6 + 3). Suppose b*t = -o + n*o - 76, -3*t = -5*o + 188. What is the remainder when o is divided by 19?
18
Let g(f) = -5*f - 2. Suppose 5*b - 32 = -4*z, 26*z - 4*b = 27*z + 3. Suppose 477 = -4*k + z*k. What is the remainder when k is divided by g(-4)?
17
Let w = 176 - 169. What is the remainder when 237 is divided by w?
6
Suppose -4*l - 16 = -0. Let u(h) = -h**3 - 2*h**2 + 5*h + 6. Let j = -17 + 22. Calculate the remainder when u(l) is divided by j.
3
Let x(q) = 4*q + 10. Let s be x(11). Let f be (1/(-2))/((-3)/s). Suppose -4*b + f = -67. Calculate the remainder when b is divided by 4.
3
Let f(q) = -q**2 - 14*q - 15. Suppose -2*w - 57 = 5*r, -2*r + 2*w = 2*r + 42. Calculate the remainder when 34 is divided by f(r).
16
What is the remainder when 451 is divided by 4/(-3)*(-2622)/184?
14
Suppose 0*z - 2*z - 2*u = -4, 4*z - 40 = 4*u. Suppose -z*l + 8*l = 24. Suppose -4 = -g + l. Calculate the remainder when 47 is divided by g.
15
Let x = 430 + -424. What is the remainder when x is divided by 1?
0
Suppose 7*w = 4*w + y + 143, -4*y + 212 = 4*w. Let t = 319 + -174. What is the remainder when t is divided by w?
47
Let t(d) = -17*d**2 + 77*d - 51. Let z(x) = 6*x**2 - 26*x + 17. Let s(b) = -4*t(b) - 11*z(b). What is the remainder when s(13) is divided by 14?
13
Let a be 0 + (2 - -27) - -1. Suppose -2*m + 4*x - 4 = 0, 5*x = m - 2 - 5. Calculate the remainder when 79 is divided by a/(2/(m/(-6))).
19
Suppose -4*y + 38 = 2*x, -y - 3*x + 2*x + 10 = 0. What is the remainder when 115 is divided by y?
7
Let t = -7 - -12. Suppose 5 = t*h - 0. Calculate the remainder when -3 + (2*18)/h is divided by 9.
6
Suppose 4*y = -3*s + 397 + 282, -3*s - 504 = -3*y. Calculate the remainder when y is divided by 34.
33
Let g(n) = 53*n**3 - 14*n**2 + 40*n - 2. What is the remainder when g(3) is divided by 46?
43
Suppose 18*n = 23*n + 100. Calculate the remainder when 26 is divided by n/110 + 105/33.
2
Let b = 99 - 89. Calculate the remainder when (3074/(-145))/((-4)/b*1) is divided by 15.
8
Let k be (3/6)/((-4)/(-24)). Calculate the remainder when 75 is divided by 3 + k*(8 + 0).
21
Let s be (8/(-3))/((-16)/24). Suppose -3*o - o = -2*v - 102, -s*o + 5*v + 105 = 0. Calculate the remainder when 99 is divided by o.
24
Let g(t) = -t**2 - 4*t + 25. Let d be g(-8). Let m(k) = -k**3 - 6*k**2 + 2*k - 32. What is the remainder when 14 is divided by m(d)?
2
Let q = -11 - -26. Let i = -6 - -59. Let d = i - 10. What is the remainder when d is divided by q?
13
Let p = 8 - -7. Let f = -946 + 1020. What is the remainder when f is divided by p?
14
Let s(b) = -10 + 3*b + 14 + 3*b**2 + 7*b. What is the remainder when 35 is divided by s(-4)?
11
Let v be 1/(-4)*-4 + 4. Let m be 0/(v + (-5 - -1)). Suppose 3*g - 5*h - 57 = 0, g + 4*h = -m*g + 2. Calculate the remainder when 54 is divided by g.
12
Suppose 2*p + 61 = -3*p - u, -5*p = -u + 69. Let l be (-2 - 11/(-4)) + 56/(-32). Let w = l - p. Calculate the remainder when 47 is divided by w.
11
Suppose 0 = 4*j + j - 5*o - 50, 0 = -j + 3*o. Let d(r) = r**3 - 14*r**2 + 16*r + 4. Calculate the remainder when d(13) is divided by j.
13
Suppose 3*l + 2 = 5. Suppose -4*q = f + 11, 5*q - 5*f = -0 + 5. What is the remainder when 34 is divided by ((-2)/l)/(q/12)?
10
Let m = 5 + 6. Suppose z + m = 3. Let x = z + 13. Calculate the remainder when 18 is divided by x.
3
Let o(r) = 6*r - 201. What is the remainder when o(54) is divided by 97?
26
Suppose 43*g = 41*g + 184. Calculate the remainder when g is divided by 52.
40
Let g(w) = -w + 25. Let p be g(0). Let x = 163 - p. Calculate the remainder when x is divided by 20.
18
Let w(d) = -5*d**2 + 14*d + 4. Let p be w(6). What is the remainder when 146/8 + (-69)/p is divided by 11?
8
Let t(g) = g**2 - 10*g - 5. Let o be t(11). Suppose 0 = 2*c - c - o. Suppose 0 = -3*i + c, 4*s + 0*s - 124 = -4*i. What is the remainder when s is divided by 6?
5
Suppose 3*j - 156 = 3*z, -26 = -2*j + 5*z + 87. Calculate the remainder when j is divided by 8.
1
Let b(v) = 7*v**2 - 2*v. Let z(s) = s**2. Let j(k) = b(k) + 2*z(k). What is the remainder when 11 is divided by j(1)?
4
Let a(w) = 6*w - 1. Suppose o + 3*o - 5*t - 30 = 0, 60 = 5*o + 5*t. Let n = o + -2. What is the remainder when a(n) is divided by 12?
11
Let y(j) = -2*j**3 - 12*j**2 + 13*j + 1. Suppose 87 = 4*a - 133. Calculate the remainder when a is divided by y(-7).
7
Let a = -650 + 685. Calculate the remainder when 123 is divided by a.
18
Let z = -5 + 309. What is the remainder when z is divided by 17?
15
Suppose 0 = -29*z + 83*z - 19170. Calculate the remainder when z is divided by 8.
3
Let p = 647 - 608. Suppose 3*z + 2*d - 91 + 38 = 0, -35 = -z - 5*d. What is the remainder when p is divided by z?
9
Let n(p) = p**2 + 15*p + 210. Suppose 2*k = -2*k + 56. What is the remainder when n(-11) is divided by k?
12
Let n(q) = -q**3 + 8*q**2 - 25*q + 50. Suppose u = 3*b + 50, -110 = -0*u - 2*u + b. Calculate the remainder when u is divided by n(3).
16
Suppose -5*a = -25, 3*n + n + a - 93 = 0. What is the remainder when 4 + 482/8 + (-1)/4 is divided by n?
20
Let b = -4 - -8. Suppose -d - 3 = 0, -13*u + 5*d = -17*u - 7. Calculate the remainder when b is divided by u.
0
Let l(q) = q**2 + 32*q - 149. Calculate the remainder when 155 is divided by l(5).
11
Suppose 4*x = 3*x + 2*s + 4, 4*x - 2*s = 16. Suppose 0 = -x*q + 103 + 253. Calculate the remainder when q is divided by 9/(-2)*(-6 - -2).
17
Let o be (4/6)/(-4 - 2094/(-522)). Suppose 296 = 7*x + o. What is the remainder when x is divided by 6?
4
Let a = 120 - 82. Let x(b) = -3*b - 3. Let c be x(6). Let t = a + c. What is the remainder when t is divided by 4?
1
Suppose 195*u - 182*u = 1326. What is the remainder when u is divided by 43?
16
Let n(l) = -l**3 - l**2 - 6*l - 6. Calculate the remainder when 39 is divided by n(-2).
9
Let q(f) = -11*f + 22. Let x(v) = 4*v - 7. Let t(c) = -3*q(c) - 8*x(c). Suppose -2*m + 4 = 0, 3*u - m = 30 + 4. What is the remainder when 4 is divided by t(u)?
0
Let t = -994 - -1726. Calculate the remainder when t is divided by 49.
46
Suppose 9*v - 14 - 22 = 0. Suppose -4*c + c + 4*i + 43 = 0, -v*c - i + 70 = 0. Calculate the remainder when 101 is divided by c.
16
Let u = -23 + 6. Let k = -24 - u. What is the remainder when 59 is divided by (-154)/k + 0 + -2?
19
Let d(p) = -4*p + 1. Let i be d(-1). Suppose 3*u = -u + i*b - 940, 0 = u - b + 234. Let l = -152 - u. Calculate the remainder when l is divided by 27.
24
Suppose -4*z = -5*x 